ns digit of s/((-23)/(-28) - (-8)/(-14))?
9
Let n(t) = 15*t**3 - 8*t**2 + 3*t - 3. What is the tens digit of n(7)?
7
Suppose -3*g = 3*l - 1959, 0 = 3*l - l - g - 1303. What is the tens digit of l?
5
What is the hundreds digit of 10246/282*(-6)/(-2)?
1
Let c(t) = -323*t - 4*t**2 - 23 + 330*t + 5*t**2. What is the units digit of c(-10)?
7
Suppose -4*u = -10*u + 12. Suppose 2*s = -6, -u*a + 7*s = 3*s - 226. What is the units digit of a?
7
Let h = 852 + -38. What is the hundreds digit of h?
8
Let u = 862 + 2350. What is the units digit of u?
2
Suppose -2*y + 2*d = -724, 0*y + y + 5*d - 332 = 0. What is the tens digit of y?
5
Suppose 0 = -4*c + 11*c + 21. What is the units digit of (-15)/(3*c/114)?
0
Suppose 1028*s - 1042*s + 2884 = 0. What is the units digit of s?
6
Suppose -5*n + 2 - 7 = 0. Let k = n - -12. Let s = k + 11. What is the units digit of s?
2
Let i = -91 - -180. Let d = 0 + 0. Suppose -5*l + i - 29 = d. What is the tens digit of l?
1
What is the thousands digit of (-33678)/(-16) + (-5)/(-40)?
2
Let c(h) be the second derivative of h**6/360 + 7*h**5/120 + h**4/24 - h**3/3 + h. Let g(j) be the second derivative of c(j). What is the units digit of g(-8)?
9
Let q(u) = u**2 + u - 4. Let o be q(-3). Suppose 4*i = r - 14, 3*i = i - o. Let x = r - -10. What is the units digit of x?
0
What is the units digit of 201*-1*(5 - (11 + -1))?
5
Let j(y) = 6*y**2 - 1 - 1 - 3 + 2 - y**3 + 4*y. What is the units digit of j(6)?
1
Let o(q) be the second derivative of -q**3/3 - 11*q**2/2 - 10*q. What is the tens digit of o(-19)?
2
Suppose -4*t + 6 = -2*g + 2, 2*t = -3*g + 10. Let z = 11 + g. Suppose 2*x + z = 3*x. What is the tens digit of x?
1
Suppose -5*o = t + 41, -o - 2*o = -3*t + 39. Let w be (-3)/((81/12)/o). Suppose w*k - 180 = 5*i, 57 = k + 5*i + 12. What is the tens digit of k?
4
Let z be 4 - (-4 - 504/3). Suppose -z = -b - 4*b + 3*n, 0 = 4*b + 2*n - 132. What is the units digit of b?
4
Suppose -3*p - 42 + 12 = 0. Let a be ((-4)/p)/(2/1060). Suppose -5*r + a = 72. What is the units digit of r?
8
Suppose -8*a - 3 = -9*a. Suppose -3*o + 246 = a*o. What is the tens digit of o?
4
Suppose -314 - 1132 = -6*s. What is the tens digit of s?
4
Let l(z) = -4*z**2 + 8*z + 3. Let v(x) = -3*x**2 + 7*x + 3. Let j(a) = 4*l(a) - 5*v(a). Let i be j(-2). Let s(m) = -12*m. What is the tens digit of s(i)?
1
Suppose 0*k = 2*k - 10. Suppose -3*i + 241 - 10 = 0. Suppose 47 = k*p - 2*l - i, -5*l = 5*p - 110. What is the units digit of p?
4
Suppose 2*p = -p - 3*z + 996, 3*z = 5*p - 1692. What is the units digit of p?
6
What is the units digit of 121/55 + -2 + 21858/10?
6
Let g be (2/7)/(12/168). Suppose -s = a - 6*s - 40, 0 = -g*a + 2*s + 70. Suppose a*u = 18*u - 159. What is the units digit of u?
3
Let q = 4369 + -863. What is the thousands digit of q?
3
Suppose 5*v - 18 = 32. Suppose 0 = -v*r + 8*r + 160. Suppose 0 = 5*y - y - r. What is the units digit of y?
0
Let o be 2409/(-77) + (-4)/(-14). What is the units digit of (-1)/(3 - 5/2) - o?
9
Suppose -4*x + 74 = t, -2*t - x - 2*x + 168 = 0. What is the units digit of t*((-16)/3)/(-8)?
0
Let n(l) = -l**2 + l. Let b(z) = -z**3 + 11*z**2 + 7*z - 23. Let f(x) = b(x) - 5*n(x). What is the units digit of f(16)?
9
What is the units digit of 54/12 + 702/4?
0
What is the units digit of (-4488)/(-2 + -6) - (-2 - 3)?
6
Let g(l) = -l**3 - 12*l**2 - l - 9. Let q be g(-12). Suppose 0 = -5*j + 17 + q. Suppose 0 = -j*m + 5*m - 23. What is the units digit of m?
3
Let b be (-2)/(-13) + 15092/91. Suppose -b = -4*r + 2*w + 172, -5*w = -4*r + 353. What is the units digit of (-5 + 3)*r/(-4)?
1
Suppose -3*g + 3*j = -621, -5*j - 264 = -3*g + 347. What is the tens digit of g?
1
Let q(u) = -11*u + 8*u + 16 + 21*u. What is the hundreds digit of q(12)?
2
Suppose 2*d + 1892 = u, -2*u = -2*d - 0*d - 3786. What is the units digit of u?
4
Let m be 8/6 + (-153)/(-27). Suppose 63 = m*j - 0*j. What is the units digit of j?
9
Suppose 4*c - 2*c - 10 = 0. Suppose 0 = 5*d + 5*u - 850, -d - 175 = -2*d - 2*u. Suppose 5*v - b = 4*b + d, -v = -c*b - 29. What is the tens digit of v?
3
Let j(v) = -v**3 - 7*v**2 - v - 5. Let o be j(-7). Let r(p) = 2*p + p**3 - 3*p + 0*p + p**o + 30 + 0*p**3. What is the tens digit of r(0)?
3
Suppose 5*k = 3*o + 139, 0 = k + 4*k + 4*o - 118. What is the tens digit of (0 + -18)*(-65)/k?
4
Suppose 0 = 8*f + 22*f - 80400. What is the units digit of f?
0
Let m = -130 + 134. Suppose -10*q = -m*q - 444. What is the units digit of q?
4
Let a(u) = -1308*u + 278. What is the units digit of a(-2)?
4
Let q(j) = 3*j**2 + j - 35. What is the tens digit of q(16)?
4
Let g(t) = -t**2 + 9*t + 11. Let i be g(8). Let a = i + 16. What is the tens digit of a?
3
Suppose 48284 = 8*v + 13468. What is the tens digit of v?
5
Let w(a) = 14*a - 93. Let t be w(7). Let q(p) = -p + 8. Let v be q(-8). Suppose d - t*d = -v. What is the units digit of d?
4
Suppose 6*b - 2*x + 1692 = 8*b, 0 = 5*b - x - 4248. What is the units digit of b?
9
Let x = 3538 + -1624. What is the thousands digit of x?
1
Let c(p) = -p**3 - p**2 + 4*p - 1. Let z be c(-3). Suppose 0*n + z*n = 20. Suppose 3*t + 4*x - 46 = 0, -n*x + 3*x - 69 = -5*t. What is the tens digit of t?
1
Let w(n) be the third derivative of 7*n**4/12 + 2*n**3/3 - 8*n**2. Let l be w(2). Suppose -l - 106 = -3*r. What is the tens digit of r?
4
Let z = -6 + 15. Let y be (-62)/14 + 3/7. Let t = z + y. What is the units digit of t?
5
Suppose 5*j - 24*s = -21*s + 88, 5*s = -5*j + 80. What is the units digit of j?
7
Let j(h) = h**2 - 3*h - 10. Let a be j(16). Let o = a + -123. What is the units digit of o?
5
Let g(p) = -p**3 - 17*p**2 - 85*p + 56. What is the thousands digit of g(-21)?
3
Let s = 9 + -5. Suppose 4 = -s*z - 0. Let n = 5 + z. What is the units digit of n?
4
Let b(v) = 2*v**2 + 1. Let k(z) = -z**3 + 9*z**2 - z + 2. Let p(x) = -2*b(x) - k(x). Suppose d - 4*d + 39 = 0. What is the units digit of p(d)?
9
Let s = -135 + 619. What is the hundreds digit of s?
4
Suppose 2*c - 6 - 2 = 0. Suppose -4*g = -3*n - 242, g - n = -c*g + 308. What is the tens digit of g?
6
Let n = 47 + -14. What is the tens digit of 2*n + 2 - 4?
6
Suppose -4*u = -3*u - 4*r - 34, -16 = -u - 5*r. What is the tens digit of u?
2
Let w(p) = -p + 1. Let c(t) = 2*t - 1. Let z(j) = c(j) - 4*w(j). Let n(g) = -3*g - 3. Let x be n(-3). What is the tens digit of z(x)?
3
Suppose 4*v = 19 - 75. Let a be (-8)/28 - (-108)/v. What is the units digit of (4/8)/((-2)/a)?
2
Let h(g) = g**2 + 4*g + 4. Let k(c) be the first derivative of c**2 + 15*c - 5. Let a be k(-10). What is the units digit of h(a)?
9
Let v(k) be the first derivative of -k**3/3 - 4*k**2 + 6*k + 8. What is the units digit of v(-8)?
6
Let v be (2 - (-24)/(-15))*20. Suppose 3*x + 25 = v*x. Suppose 2*b = 4*r - r + 52, x*b - r = 130. What is the units digit of b?
6
Let z = -62 + 134. Let f = z + 5. What is the units digit of f?
7
Let b = -97 - -99. Suppose 3*z = 0, -b*z + 56 = 4*r - 3*z. What is the tens digit of r?
1
Let h be 2 + (35/(-7))/((-2)/4). Let p(u) = 6*u + 55. What is the tens digit of p(h)?
2
Suppose 0 = 3*p + 9, 1421 = -4*a - 0*p + p. Let f = 564 + a. What is the units digit of f?
8
Suppose -4 = 2*p + 3*o - 20, 5*p - 3*o - 19 = 0. Let g = -6 - -13. Suppose 0 = k - 2*d + 1, 0 - g = -2*k - p*d. What is the units digit of k?
1
Suppose -64*v = -69*v + 2780. What is the hundreds digit of v?
5
Suppose 0*w - w = 3*z + 124, w = 5. Let o = z + 25. What is the units digit of (-562)/o + (-2)/9?
1
Suppose 3*a - 4 - 2 = 0. Suppose -n - 1 = -a. What is the units digit of n*6/3 - -13?
5
Let k(v) be the first derivative of v**4/4 - 13*v**3/3 + 3*v**2/2 - 6*v - 5. Let n be k(13). What is the units digit of (3 + n + 0)/1?
6
Let u(a) = -1 + 0*a + 0 + a + 0. Let h be u(6). Suppose -3*r - h = -8*r. What is the units digit of r?
1
Let o(y) = -2*y**3 - 5*y**2 - 4*y - 3. Let h = -105 + 102. What is the units digit of o(h)?
8
Let x be 160/5 + (-2 - 0). Suppose 2*r + 2*r + 2 = -5*u, 0 = 3*r + 5*u + 4. Suppose 2*h - 2*y + x = 4*h, 4*h + r*y = 62. What is the tens digit of h?
1
Let x be 2*2/(-4) - 0. What is the tens digit of 38/x*20/(-8)?
9
Suppose 4*a - 6*a = 4. What is the tens digit of a/(-3) + 23496/72?
2
Suppose 7*n - 851 - 1249 = 0. What is the units digit of n?
0
Let x(d) = -2*d**2 - 2*d + 794. What is the uni